False
Suppose 2*y + 0 - 6 = 0. Is 2013/3 - (y - (-4 - -9)) prime?
True
Let f be 74/8 + (-1)/4. Is (441 - 0) + -11 + f composite?
False
Let q = -46748 - -85279. Is q composite?
True
Let q = 3898 + -2210. Let b = q + -445. Is b a composite number?
True
Let n(r) = -3 + 3*r**2 - 3*r + 3 + 9. Let z(d) = 7*d**2 - 5*d + 19. Let w(k) = -9*n(k) + 4*z(k). Is w(9) a prime number?
True
Let h be (-3)/(-3) - -228*(-4)/2. Let k = -322 - h. Is k a prime number?
False
Let p(j) = j**3 - 6*j**2 + 36*j - 27. Is p(16) composite?
False
Suppose -4*g = -5*c + 2, -3*c - 2*c - 3*g = -16. Suppose 2*k - 5563 - 1755 = -4*h, 0 = -c*h. Is k prime?
True
Let m(v) = -314*v + 18. Let u(o) = o + 1. Let c(p) = m(p) + 4*u(p). Is c(-4) composite?
True
Let p(y) = -183*y - 45. Let h be p(-6). Suppose -3*n + 3*d + 3144 = 0, h = -0*n + n - 2*d. Is n prime?
False
Suppose 4*z - 1140 = -14928. Let i = 5203 + z. Suppose d + 3*d - i = 0. Is d composite?
False
Suppose -121 = 2*a - 0*a - 3*y, -5*a + 5*y - 290 = 0. Let h(r) = 49*r - 1. Let d be h(-3). Let u = a - d. Is u prime?
False
Let s(a) be the second derivative of -5*a**3/3 + 3*a**2/2 - 10*a. Is s(-2) a composite number?
False
Let c = 28 - -3793. Is c a prime number?
True
Let a(z) = 19*z**2 + 37*z - 137. Is a(9) prime?
False
Let k(v) = -v**3 + 8*v**2 - 7*v - 35. Let i be k(20). Is (-4)/12 + i/(-3) + -1 prime?
True
Suppose a = -6*a - 28. Is 1507 + (a/2 - -2) a composite number?
True
Suppose -167 = 3*s - 815. Suppose 0 = -5*k + 3*k + 3*d + s, 0 = d - 2. Is k a composite number?
True
Suppose -11*k + 8*k = -117. Let u = -57 + k. Is (-7674)/u - 2/(-3) composite?
True
Let c(m) = -3*m**2 - 5*m - 1. Let f(z) = 14*z**2 + 24*z + 6. Let t(n) = -11*c(n) - 2*f(n). Suppose 6*g - 9 = 4*g - 5*d, 3 = -3*d. Is t(g) a composite number?
False
Let i be -856 + (-1)/4*-4. Let o be i/(-18) - (-6)/4. Suppose -s + 2*s = o. Is s composite?
True
Let j(p) = -p**3 - 18*p**2 + 30*p + 63. Is j(-28) a prime number?
False
Suppose 4*z + 716 = 2*w, -5*w - 2*z - 475 = -2277. Let f = w - 205. Is f a prime number?
False
Let v = 124 + -119. Suppose h - 2268 = -v*x, x + 3*h = -h + 465. Is x a prime number?
False
Is (-2)/15 + (1654278738/(-315))/(-34) a prime number?
False
Is 24/(-42) - (-1228485)/35 composite?
False
Let i be 0/(-3 - 0) - (-1 - -334). Let j = i + 662. Is j composite?
True
Let y(b) = 5*b**3 - 2*b**2 - 3 - 7*b**3 - 2*b + 0*b**3. Is y(-3) a composite number?
True
Let j be (-58)/(-8) + (-10)/40. Is ((-3644)/(-6))/(j*(-10)/(-105)) a composite number?
False
Suppose 5*i = i + 2540. Suppose 2*d + 5*x = -229 + i, 0 = 5*d + 3*x - 1053. Suppose -4*v = -7*v + d. Is v a prime number?
True
Suppose 55*g + 56*g = 1531689. Is g a composite number?
False
Suppose 228*x - 233*x = -9695. Is x prime?
False
Let z(a) = 5*a**2 - 29*a - 25. Is z(22) a composite number?
True
Let a(j) = 286*j**2 - j + 3. Let s be a(-2). Suppose 0 = -b + 625 + s. Is b prime?
False
Let u(l) = -l**3 + 6*l - 6. Let s be u(5). Let c = s + 394. Is c composite?
False
Let w(u) = -u**3. Let k(g) = -3*g**3 - g**2 + 13*g - 8. Let y(c) = -k(c) + 2*w(c). Is y(9) a prime number?
True
Let z(r) = 4 - r - 2 + 3 + 77*r**2 + 4*r. Is z(-2) composite?
False
Let m be (-13)/(-4) - (0 - 3/(-12)). Is 2/m - (-5)/(30/17306) a composite number?
True
Suppose -5*g + 12965 = 3*m, 3*g = 14*m - 9*m - 21563. Is m a composite number?
True
Suppose 4*j - 26714 = -2*b, 0 = -124*b + 127*b + 3*j - 40077. Is b composite?
True
Let w(c) = -c**2 - 17*c - 17. Let r be w(-16). Let g be -12*(r - 15/(-20)). Is (g/2)/((-27)/(-954)) a composite number?
False
Let q(n) = -2 + 15 + n - 2. Let i be q(-6). Suppose j - 2*y = -5*y + 62, i*y + 113 = 2*j. Is j a composite number?
False
Let m(p) = -p**2 + p - 1. Let l(r) = -850*r**2 + 7*r + 2. Let o(a) = -l(a) + 6*m(a). Is o(-3) a composite number?
False
Let x be 36/16*(-48)/(-9). Let f = -12 + x. Suppose -2*k + 44 + 34 = f. Is k a composite number?
True
Let c = 268 + 741. Is c prime?
True
Suppose 4*w - 3051 - 14897 = 0. Is w a composite number?
True
Suppose -13*i + 12*i + 483 = 0. Suppose -f + 5*f - 338 = -2*g, -3*g + i = -2*f. Is g a composite number?
False
Suppose -s + 8 = s. Suppose -s*f + 7*f = 45. Let b = 134 + f. Is b prime?
True
Is -373*((0 - 56) + -11) prime?
False
Let g be 17756/6 - (-1)/(-3). Suppose 3*d + 6785 = -4*q, -q + 2*d - 968 - 742 = 0. Let b = q + g. Is b a composite number?
False
Suppose 17896 = -4*g + 5728. Let v be g/(-8) - 2/8. Let i = v + -201. Is i a composite number?
False
Let z(i) = 3*i + 148. Let m be z(0). Is m/(-12)*-1*3 a prime number?
True
Let x = 20943 - 14696. Is x composite?
False
Suppose -86073 = -11*y - 13594. Is y a prime number?
False
Let g = 33 - 28. Suppose 0 = -g*c + 6*c - 77. Is c composite?
True
Let l(k) = -17*k**3 + 3*k**2 - 5*k - 17. Suppose -5*x - 50 = -f + 6*f, -x = 5*f + 26. Is l(x) prime?
True
Let i(j) = -j**3 + 6*j**2 - 5*j - 3. Let x be i(4). Suppose 2*l = -1 + x. Suppose 913 + 123 = l*n. Is n a composite number?
True
Is (-265)/53 - 5/((-15)/170064) prime?
False
Suppose -z - 2498 = -j, -5*j + 4*z + 6107 = -6388. Is j prime?
True
Suppose o = -4*k + 15, 2*o + 0*o + 5*k - 21 = 0. Suppose 4*h = o*h. Suppose -3*f + 4*w = -139, h = f - 2*w + 25 - 68. Is f a composite number?
False
Let k(q) = -q**2 + 17*q - 22. Let v be k(15). Let o = v + -4. Suppose -o*u + 2255 = 179. Is u composite?
True
Let i = 14418 + -10291. Is i a composite number?
False
Suppose 24 = -o + 4*o. Let p be 4/(4/o - 0). Suppose -p = -5*y + 7. Is y composite?
False
Let s be -2 - 3280/((-20)/5). Suppose -3*r + s - 5588 = -3*j, r = 0. Let w = 3877 - j. Is w composite?
False
Let m = -1323 - -1915. Suppose 4*r - 720 = m. Suppose -2*y - 86 = -r. Is y prime?
False
Is 36657 - ((-2)/(-3))/(4/(-12)) a composite number?
True
Suppose 77548 = d + 5*y, 3*d + y = 28486 + 204088. Is d composite?
True
Let g(m) = 5*m**2 + 3*m + 2. Let x be g(-1). Suppose -4*l + 2*c + 1322 = 0, 0*l + 975 = 3*l + x*c. Is l prime?
False
Suppose 10*d + 17565 = 73375. Is d composite?
False
Let a be 6/(-9) - 2/3*-469. Let i = a + -21. Is i composite?
True
Suppose 0 = -2*a + w + 3404, -1748 = -3*a + 4*w + 3353. Is a a composite number?
True
Let f(z) = z**2 + 398. Let t be f(0). Let r = t + -1411. Let j = r - -1566. Is j prime?
False
Let b(q) = 52*q**2 - 9*q - 6. Is b(7) a composite number?
True
Let d be (0 - 0/3)/(-1). Suppose d*k + 318 = 2*k. Is k prime?
False
Let x be 340/(-2*2*4/(-32)). Let u = x + -151. Is u a composite number?
True
Let s(u) = -77*u**2 - 5*u + 7. Let x be s(5). Let r = 8292 + x. Is r prime?
False
Let t(g) be the first derivative of 293*g**2 + 19*g + 41. Is t(3) prime?
True
Suppose -2*a = 2*t + 3*t - 32720, -4*a = -4*t - 65496. Suppose 3*w + 7*w - a = 0. Is w a prime number?
True
Let k(t) = -t**3 - t**2 + t + 394. Let z(p) = -p**2 - 15*p + 16. Let y be z(-16). Is k(y) a prime number?
False
Let n(v) = -v**3 + 11*v**2 + v - 11. Let q be n(11). Suppose r + y + q*y = 1072, 3*r = 2*y + 3241. Is r a composite number?
True
Let a(n) be the first derivative of -n**7/120 - n**6/120 + n**5/40 - n**4/6 + 5*n**3/3 - 7. Let m(t) be the third derivative of a(t). Is m(-3) composite?
False
Let p(x) = x**2 + 12*x - 14. Let t be p(-13). Let o(d) = -650*d**3 - 2*d**2 - 2*d - 1. Is o(t) composite?
True
Suppose 5*g + 2 - 4 = -4*z, 0 = 5*z + g - 13. Let r be (z/(-12))/1*-4. Is r/4 - (-9388)/16 prime?
True
Let j(v) = 79*v + 42. Is j(25) composite?
False
Let y = 5673 - -1130. Is y prime?
True
Suppose -1062 = -5*i + 548. Suppose 2*w - 2*g = 722, 0 = -3*w - 4*g + i + 740. Is w composite?
True
Let n(o) = -2*o + 9. Let h = -52 + 44. Is n(h) prime?
False
Let l(t) = -2*t**2 - t + 2. Let s be l(2). Let v = -5 - s. Suppose 4*h + v*y - 83 = 0, 4*h - 3*y = 22 + 79. Is h a prime number?
True
Let r = 25 + -19. Suppose 0 = 5*b + 25, -4*v + r*v + 1 = -5*b. Suppose -105 + v = -3*k. Is k prime?
True
Let z be 8 + (2 - 6) - 1. Is 90 - (-1 + z/(-1)) a composite number?
True
Suppose 4*g + 8 = 16. Suppose g*a = 5*a + 537. Let m = 407 - a. Is m prime?
False
Is -3 + (-7)/1 + 3441 composite?
True
Suppose 0 = -3*r - 2*j + 2087, -2*r - j + 1403 = -2*j. Is r prime?
False
Let g(r) = -r**2 - 4*r - 7. Let z be g(-3). Is (-5 - -3)/z*14 a composite number?
False
Is (8/(-24))/(2/18) + 80 a prime number?
False
Suppose 4*o + 2*l + 3*l = 2074, 4*o - 2076 = -4*l. Suppose 3*x - v 